te y(l).
-3
Let g(p) = -p**3 + 12*p**2 - 13*p + 15. Let o(t) = -t + 1. Let a(f) = g(f) - o(f). Let z be a(11). Let c(x) = -x**2 - x + 4. Determine c(z).
-8
Let q(v) = -v**2 - 4*v - 1. Suppose -44 = -5*x + 11. Suppose -5 = x*c + 28. Give q(c).
2
Let p(b) = b**3 + 8*b**2 + 6*b + 8. Suppose -174 = 6*a - 132. Give p(a).
15
Suppose -7*n - r - 4 = -3*n, 0 = 3*r - 12. Let p(l) = 3*l**3 + 8*l + 11. Let i(z) = -z**3 - 4*z - 5. Let q(x) = 5*i(x) + 2*p(x). Determine q(n).
-3
Suppose 9*q - 24 = 7*q. Let c(r) = -2 + 8*r - q*r + 6*r**2 + 10*r - r**3. Determine c(7).
-9
Let h be (-1)/((-56)/(-84) + (-2)/(-6)). Let i(w) = -w - 3. What is i(h)?
-2
Let y(i) be the third derivative of 0 + 1/24*i**4 + 1/3*i**3 + 0*i + 7*i**2. What is y(-4)?
-2
Let p(k) be the first derivative of k**4/6 + k**3/6 - 18*k + 13. Let z(m) be the first derivative of p(m). Give z(2).
10
Let s(u) = -7*u + 49. Let v(f) = 18*f + 8*f + 6 - 27*f + 0. Let a(q) = -6*s(q) + 49*v(q). Let t be 2/3 - 1/(-3). Give a(t).
-7
Let t(f) = -f**3 - 4*f**2 - 3*f - 4. Let z(u) = u**3 + 3*u**2 - 6*u - 4. Let h be z(-4). Suppose 8 = -h*v - 8. Let i be -4*(3 - (-9)/v). What is t(i)?
-4
Let t(z) = z**3 + 0 - 432*z**2 - 2*z**3 + 431*z**2 - 4. Determine t(3).
-40
Suppose 9 = q + 3*g, -3*q + 4*g - 12 = q. Let b(j) = 42 - 41 + q*j - 3*j + 6*j. What is b(-2)?
-5
Let d(p) = -p**3 - 3*p**2 + 3*p - 1. Let u be (102/(-85))/(6/(-100)). Suppose -u = -14*q + 19*q. Determine d(q).
3
Let l(y) = y**3 - 10*y**2 - 12*y + 4. Suppose -10*m - 2*q = -5*m - 53, 8*m = -4*q + 84. Calculate l(m).
-7
Let d(s) be the first derivative of -s**4 + s**3/3 - s**2 + s + 2024. Suppose -2*c + 5*r - 2 = 3*r, 2*c + 5*r = -37. Let f be (0 + 3)*(-2)/c. What is d(f)?
-4
Let d(n) = -9*n + 15. Let b be d(13). Let w = 93 + b. Let z(p) = p**2 + 8*p - 11. What is z(w)?
-2
Suppose -4*h + 1 = -2*t + 11, 0 = t + 5*h - 26. Let y(r) = -r**2 + 12*r - 9. What is y(t)?
2
Let x(o) = -9*o - 16. Let f(n) = -7*n - 15. Let z(c) = -4*f(c) + 3*x(c). Determine z(-8).
4
Let u(c) = -c**3 + 6*c**2 + c - 1. Let n be 6/(-15) + 1272/30. Suppose -b + 8*b = n. Calculate u(b).
5
Let j(f) = 6*f + 4. Let a = -1335 - -1338. Give j(a).
22
Let x be 3/1*-1 - -1. Let n be x*3/10*-5. Let o(s) = -11*s + 20*s + n - 8*s. Give o(4).
7
Let f(p) = -p**3 - 6*p**2 - 7*p - 8. Let n be f(-5). Let l(c) = 2*c - n - c + 3 + 3. What is l(-6)?
-2
Let h(q) = 5*q**2 + 2*q + 8. Let l(t) = -2*t**2 + t - 1. Let f(m) = h(m) + 3*l(m). Calculate f(7).
-9
Let r(f) = -f**3 + 7*f**2 - 6*f - 5. Let c(j) = -j**2 - 5*j + 6. Let g be c(-5). Suppose 0 = -5*d - 4*w + 31 + 11, -g = -2*w. What is r(d)?
-5
Let q(o) = -o**3 + 1. Let s(k) = -14*k**2 - k + 20. Let v(x) = q(x) - s(x). Give v(14).
-5
Let h(u) be the first derivative of 5/2*u**2 - 68 + 1/3*u**3 + 2*u. Let t be (-32)/6 - (-2)/(-3). Determine h(t).
8
Let m(s) = -2*s - 4. Suppose 0 = 4*l + 14 - 2. Let v be m(l). Let n(k) = -7*k + 3. Calculate n(v).
-11
Suppose i - w + 4 = 0, i - 6*i = -3*w + 10. Let s(b) be the second derivative of b**4/3 - b**3/6 + 4*b. Determine s(i).
3
Let d(y) be the second derivative of 0 + 1/2*y**2 + 1/4*y**5 - 2*y + 0*y**4 + 0*y**3. Suppose 4 = -564*j + 568*j. What is d(j)?
6
Let a = -71 + 71. Let m(t) = -5*t**3 + 3*t - 2. Let h(y) = -9*y**3 + 5*y - 3. Let f(z) = 4*h(z) - 7*m(z). Calculate f(a).
2
Let g(d) = -4*d**2 - 1. Let l(y) = -12*y**2 - 6. Let k(c) = 12*c**2 + 7. Let u(z) = -3*k(z) - 4*l(z). Let f(a) = -8*g(a) - 3*u(a). What is f(-1)?
-5
Let u(p) = 19*p - 9. Let t be u(4). Let d = -48 + t. Suppose -5*f = 3*s + d, s + 2*f - 26 = 4*s. Let j(x) = -x. Give j(s).
8
Let g be -7*(0 - 12/21). Suppose 2*s + 2 = 3*s. Let y(z) = -2*z + z - z**2 - 5*z + 3*z**s. What is y(g)?
8
Let r(i) = i + 1. Let z(v) = 3*v**2 + 5*v + 1. Let d(y) = -4*r(y) + z(y). Give d(-3).
21
Let j(u) = u**2 + u - 1. Let a(t) = 4*t**2 + 5*t - 3. Let i(y) = -2*a(y) + 7*j(y). Suppose -3 = 5*h + 2. Calculate i(h).
1
Suppose -4*k = 2*g + 2, -19 = -4*g + 5*k + 29. Let t(i) = 443 - 441 - 36*i + 35*i. Give t(g).
-5
Let z(l) = l**2 - 17*l + 2. Let s = -2063 - -2077. Determine z(s).
-40
Let z be -4 - (-54)/(-1 + 7). Suppose -5*q - 10 = -5*k, -z*q - 10 = -2*k - 0. Let j(f) be the first derivative of f**3/3 - f**2/2 + 5*f + 1. Determine j(k).
5
Let k(o) = -7*o**3 + 6*o**2 - 2. Let h(v) = 3*v**3 - 3*v**2 + 1. Let x(g) = -9*h(g) - 4*k(g). What is x(-2)?
3
Let i(h) = -2*h**3 - 4*h**2 - h + 2. Let f(b) = b**3 - 5*b**2 - 3*b + 6. Let v be f(5). Let o = v + 9. Let r be -3*4/6 - o. What is i(r)?
4
Let f(j) = -j**3 + 4*j**2 - j + 9. Suppose 34*z = -22 + 158. What is f(z)?
5
Let r(l) = 1 - 1 + 3*l**2 + 7 + 3*l**2 - l**3 - 4*l - l**2. What is r(5)?
-13
Suppose -3*v + 32 = -5*y, 0*y + 4*v - 17 = 3*y. Let j(s) = -4 + 769*s + 1 - 776*s - 2 - s**2 - 1. Calculate j(y).
-6
Let t(c) = 315 + 304 + c - 618. Give t(-3).
-2
Let s(z) = z**3 + 6*z**2 + z + 4. Let n be (-108)/44 - 2*9/33. What is s(n)?
28
Suppose 2*r + 17 = p + 4*p, 0 = r - 4*p + 10. Let c(f) be the third derivative of f**6/120 + f**5/10 - f**3/3 - 124*f**2 + 2*f. Give c(r).
-2
Let k(v) = 12*v - 12*v + 4 - 12 - 8 + v. Determine k(18).
2
Let n(p) be the second derivative of -p**4/12 - p**3/6 - p**2/2 - 16*p. Let w(m) = 3*m**2 + 3*m. Let l(s) = 4*n(s) + w(s). Give l(-5).
-24
Let h = 162 + -157. Let u(f) = -h + 62*f**2 - 8*f - 134*f**2 + 66*f**2 - f**3. What is u(-5)?
10
Let r(o) = -o**2 + 6*o + 9. Suppose -144 = -12*x - 6*x. Calculate r(x).
-7
Let z(l) = -l**2 + 3. Let n(j) = 3*j**3 + 5*j**2 + 3*j**3 + 8*j + 7 + 5*j - 7*j**3. Let x be n(7). What is z(x)?
3
Let t = -83 + 83. Suppose -4*d - 18 = -2*o, 0 = -t*o - 2*o + 6. Let m(n) = n - 4. Calculate m(d).
-7
Let x(d) = -2*d + 1. Let k(f) be the third derivative of -f**6/120 + f**5/60 + f**4/12 - f**3/6 - 10*f**2. Let y be k(0). Give x(y).
3
Let t(l) = -l**2 + l + 10. Let m(h) = h**2 - 4*h - 24. Let y be m(8). Suppose 20 = -z - y*p + 3*p, -2*z = -4*p - 16. Determine t(z).
10
Let u(b) = 2*b**2 - 11*b - 5. Let y(q) = -q**2 + 12*q + 7. Let l(n) = -2*u(n) - 3*y(n). Determine l(-13).
2
Let l(v) be the third derivative of -v**9/60480 + v**8/20160 + 13*v**5/20 + 33*v**2. Let y(g) be the third derivative of l(g). What is y(-1)?
2
Let z(k) = -3*k - 15. Let a(d) = 2*d + 14. Let c(u) = 4*a(u) + 3*z(u). Let x be ((-11)/(-2))/(2/4). Suppose s + x = 18. Give c(s).
4
Let b(d) = -406*d**2 + 2*d**3 + 137*d**2 + 130*d**2 - 1 - 2*d + 137*d**2. Determine b(-2).
-21
Let k(n) = 3*n**2 + 71 + 69 - 135 + 15*n - n**2. Calculate k(-7).
-2
Let k(b) = -7*b + 171*b**3 - 8*b - 172*b**3 + 6*b + 5 + b**2. Let m(r) = -r**3 + r**2 - 8*r + 4. Let f(g) = 6*k(g) - 7*m(g). What is f(-2)?
-14
Let q(g) = 16*g + 1. Suppose 0 = -3*x + 4*r + 1 - 2, 37 = 5*x + 3*r. Suppose 3*v = -x + 17. Suppose 2*i + 18 = 5*y - y, -v*i = y. What is q(i)?
-15
Let y = 109 - 105. Let l(u) be the third derivative of 4*u**2 - 1/120*u**6 + 0*u + 0 - 1/3*u**y + u**3 + 1/10*u**5. Determine l(5).
-9
Let r = -43 + 45. Let a(n) = 4*n + 0 + 2*n**r + 3 - n**2 + 2*n. Determine a(-7).
10
Let x(r) = r**3 + 2*r**2 - 2*r - 1. Suppose 5*p + 6 = -4. Let w be x(p). Let t(b) = w - 3 - 4*b - 2 + 6*b. Determine t(3).
4
Let b(m) = 1 - 2 - 3 + 5 + 2*m. Give b(2).
5
Suppose 5*c = -2 + 17. Let m(d) = -d**2 + 4. Let w be m(c). Let a(f) = f**3 + 5*f**2 - f - 3. Determine a(w).
2
Suppose -4*j - 2*n - 118 = 0, 3*j + 2*n = 6*n - 61. Let d = -24 - j. Let l(r) = -7 + 0 - 2*r + d. What is l(-4)?
4
Let j(x) be the first derivative of -5*x**3/3 + x + 5. Let n(y) = y + 9. Let q be n(-8). Give j(q).
-4
Let j(w) = -2*w**3 - 4 + 5 + w + 7*w**3. Let k(c) = 19*c + 37. Let s be k(-2). Calculate j(s).
-5
Let t = -88 - -90. Let x(b) = -b - 5*b**t + 4*b**2 + 3*b**2. What is x(-1)?
3
Let u(k) = -k - 5. Let l(j) = -j - 2. Let o(n) = 6*l(n) - 5*u(n). Determine o(8).
5
Let k(g) be the second derivative of g**6/180 + g**5/60 + g**4/8 - 4*g**3/3 + 2*g. Let s(b) be the second derivative of k(b). Calculate s(-2).
7
Let h = 3 + -22. Let z = -16 - h. Let x(m) = z*m + 2*m - 5*m - 2*m - 7. Calculate x(-6).
5
Let u(p) = -37*p - 68. Let n be u(-2). Let d be 4*(3/(-2) - -2). Let g(r) = d*r - r - 1 - 2. What is g(n)?
3
Let s(x) = x**2 + x - 28. Let z be s(-5). Let g(l) = l**2 + 7*l - 3. Calculate g(z).
5
Let y(l) = l**3 - 2*l**2 - 7*l + 2. Let h be (-7 - (-135)/18)*8. Determine y(h).
6
Let v = -170 - -161. Let p(b) 